t r be h(-10). Calculate the highest common divisor of r and 53.
53
Let h(u) be the first derivative of -u**3/3 - 7*u**2/2 - 3*u + 3. Let d = 602 + -604. Let q be h(d). What is the greatest common factor of q and 56?
7
Let i(d) = -d**2 - 24*d + 139. Let x be i(6). Let o = -38 - x. What is the highest common divisor of o and 5?
1
Let l(z) = -77*z - 49. Let s be l(-2). Calculate the greatest common divisor of 1239 and s.
21
Suppose -10*j + 5*j = 4*q - 450, 3*q - 332 = -j. What is the highest common divisor of 814 and q?
22
Suppose 0 = -8*y - 1157 - 2699. Let k = y - -529. Calculate the highest common divisor of k and 799.
47
Let o(t) = -t**2 - 38*t - 235. Let h be o(-30). What is the highest common factor of 12860 and h?
5
Suppose -12*y + 4802 + 36 = -7462. Calculate the greatest common divisor of 200 and y.
25
Let m be (4 + (-1689 - -6))/(-1) + -7. Calculate the greatest common factor of 32 and m.
8
Let b(l) = -2*l**3 + l**2 + 23*l - 10. Let h(a) = -a**3 + 12*a - 5. Let o(q) = -4*b(q) + 7*h(q). Let n be o(6). Calculate the highest common factor of 29 and n.
29
Suppose 4*y - 25*y = -2016. Let c = -254 + 266. What is the greatest common factor of c and y?
12
Let f = -176 + 183. Let d be 322/6*(23 - 17). What is the greatest common factor of f and d?
7
Let f(j) = j**3 + 109*j**2 - 1190*j + 14. Let x be f(-119). Let d = 455 + -322. What is the greatest common divisor of x and d?
7
Suppose -m - 38 = 5*u, 6*u + 5*m = 3*u - 14. Let r = 4 + u. Let c be (1 - 1) + (24 - r). Calculate the highest common factor of c and 70.
14
Let b = -18784 + 19540. What is the greatest common factor of 532 and b?
28
Suppose 5*m + 555*u = 553*u + 441, 3*m + 5*u = 295. What is the greatest common divisor of 2312 and m?
17
Suppose 16*a = 19*a + 87. Let p(w) = -w**2 - 28*w + 31. Let v be p(a). Let j = 5 - -5. What is the highest common factor of j and v?
2
Suppose -14 = 3*w - 44. Suppose -725 = -w*y + 715. What is the greatest common divisor of 36 and y?
36
Let y(v) = -53 + 3*v**2 + 13*v + v + 12*v - 4*v**2. Let h be y(24). Let f be (h - 322/(-21))/((-2)/(-6)). What is the greatest common divisor of 279 and f?
31
Let g be ((-564)/10)/((-99)/3300). Suppose -6*r = -g - 2056. What is the highest common divisor of 82 and r?
82
Suppose m - 9 = -7. Let u(d) = 8*d - d - d - m + 0*d. Let b be u(8). What is the greatest common divisor of b and 23?
23
Suppose -8*z - 742 = -22*z. Suppose -880 = -z*h + 49*h. Calculate the highest common factor of h and 20.
20
Suppose 108*y = -1694 + 1061 + 10353. Suppose 4*f + 42 = 2*t, t + 4*f - 2 = 1. What is the greatest common divisor of y and t?
15
Let r = -527 + 1352. What is the highest common divisor of 25 and r?
25
Let w(n) = -56*n**3. Let j be w(-1). Let y = 135634 - 135610. What is the highest common factor of j and y?
8
Let u(p) = 5*p**3 + 9*p**2 - 12*p + 2. Let a be u(2). Suppose 362 = 13*d - a. Let y be 3*(-3)/(9/(-80)). Calculate the greatest common factor of y and d.
16
Let u(c) = -1337*c + 14723. Let z be u(11). Let h(x) = 2*x**2 + 2*x - 2. Let f be h(-2). What is the highest common divisor of f and z?
2
Let k = -1781 - -1800. What is the highest common factor of k and 3211?
19
Let b(j) = -68*j**3 - 4*j + 3. Let g be b(1). Let u = -58 - g. Calculate the highest common divisor of u and 99.
11
Let f(d) = -d**2 - 9*d + 4. Let j be f(-4). Suppose 6*v + j = 7*v. What is the highest common divisor of 104 and v?
8
Let m = 45 + -40. Suppose 90 = m*k - 7*u + 2*u, u - 50 = -3*k. Suppose 3*n = 5*p - k, 5 = 5*n - p + 4. Calculate the highest common factor of 4 and n.
1
Let o = 2899 - 2915. Let n(d) = 8*d - 3. Let r be n(3). Let j = r + o. Calculate the highest common factor of 85 and j.
5
Let a be 2/(((-5)/175)/((-6)/21)). Calculate the highest common factor of 115 and a.
5
Let j(q) = -q**2 - 6*q - 3. Let y be j(-7). Let c = 170 + y. Suppose 10*o - 2*o - c = 0. What is the highest common factor of 20 and o?
20
Suppose 2*o - 494 = -2*t, -4*t - 3658*o + 3662*o = -964. What is the highest common factor of 25132 and t?
244
Let c = -122204 + 122215. Let l(a) = -a - 1. Let x be l(-4). What is the highest common divisor of x and c?
1
Suppose 4*f - 12925 = -o, -4*f + 4*o + 14241 = 1341. Calculate the highest common factor of f and 850.
170
Suppose -31*h = -39*h + 16. Suppose 0 = -h*b - 60 + 604. Calculate the greatest common factor of 17 and b.
17
Let m be (8/6)/((-116)/(-4176)). What is the greatest common factor of m and 2148?
12
Suppose -2*a + 9*a = 1225. Let p = -486 + 493. Calculate the greatest common factor of p and a.
7
Suppose 5*p - 2*i - 92 - 226 = 0, -3*p = i - 193. Suppose -92*g + 184 = -8*g - 488. Calculate the greatest common factor of p and g.
8
Suppose 859*p = 924*p - 3120. Calculate the highest common factor of p and 16176.
48
Let c = 48 - 46. Suppose -2*y - 4 = c*n, 2*y - 4*n - 12 = 8. Suppose 3*z + 9 = y*t, -4*t = -z - 10 - 23. What is the greatest common factor of t and 27?
9
Suppose -69*g + 105*g = -204*g + 34320. Calculate the highest common divisor of g and 117.
13
Let c = -52 + 53. Let i(s) = 12*s - 18*s - c + 4. Let l be i(-1). Calculate the greatest common divisor of l and 18.
9
Suppose 4*g = -5*x + 27862 + 2462, 0 = -2*x + 4*g + 12096. Calculate the highest common factor of 120 and x.
60
Let v(j) = -j**3 - 71*j**2 + 57*j - 43. Let o be v(-72). What is the greatest common factor of o and 610?
61
Suppose 2*b = 101 - 31. Calculate the highest common divisor of 217 and b.
7
Let d(a) = -5 - 8 - 5*a + 11*a - 4*a. Let l be d(32). Calculate the highest common divisor of l and 85.
17
Let q(v) = 1711*v**2 + 7*v - 26. Let p be q(2). What is the highest common divisor of p and 112?
112
Let f be 18/(-261) + 13547670/435. Calculate the greatest common factor of f and 17.
17
Suppose -69*y - 4968 = -141*y. What is the greatest common factor of 1219 and y?
23
Suppose 0 = -z + 110 + 7. Suppose -17*n = 11857 - 12962. Calculate the greatest common factor of n and z.
13
Let w(q) = 7*q**2 - 116*q + 469. Let k be w(4). Calculate the greatest common factor of 91 and k.
13
Let z = -107 - -107. Suppose -d - w + 59 = z, -4*d + 2*w = w - 221. Suppose -5*i + d = -214. Calculate the greatest common factor of 18 and i.
18
Suppose 145*j = 148*j + 30. Let y(d) = -d**3 - 9*d**2 + 8*d - 15. Let i be y(j). Suppose i*o - 168 = 2*o. Calculate the highest common divisor of o and 14.
14
Let z(u) = u**3 - 4*u**2 + 3*u + 3. Let c be z(3). Let g be c/12 - (-159)/4. Let h = -20234 + 20250. What is the greatest common factor of h and g?
8
Suppose -174 = 41*w - 4725. Let k(n) = -n + 78. Let t be k(0). Let v = w - t. Calculate the greatest common divisor of 44 and v.
11
Suppose -2*v = v - 33. Suppose -7*o - 4860 = -457. Let q = -486 - o. Calculate the greatest common divisor of q and v.
11
Let q be 3 - 1 - (-1 - 1). Let g(t) = -193*t - 857. Let s be g(-5). What is the highest common divisor of q and s?
4
Suppose 11*b - 212 = -362 + 194. What is the greatest common factor of b and 2404?
4
Suppose 15*q - 210 = -0*q. Let m be (-18)/(-9)*21/q. Let z = 135 - 84. Calculate the highest common divisor of z and m.
3
Let c(y) = 17*y**2 - y. Let q be c(-1). Suppose -25 = -5*k, 911*k - 169 = -3*s + 906*k. Calculate the greatest common factor of q and s.
6
Suppose -3*r = -2*r - 108. Suppose 0 = c + 103 - r. What is the greatest common factor of c and 80?
5
Suppose 0 = -2*p + 9 + 5. Let j = -948 - -1130. Calculate the greatest common divisor of p and j.
7
Let q = -1920 - -2304. What is the highest common factor of 348 and q?
12
Suppose -8 = -5*y + 2. Suppose y*u = 2 + 6. Suppose 286 = u*w - 3*v - 41, -4*w - v = -323. What is the greatest common divisor of 9 and w?
9
Let p be ((-2)/3)/(1/(-6)). Suppose 5*h + 15 = 25. Suppose -2*w = w - h*r - 8, -4*w - 5*r = -49. Calculate the highest common divisor of p and w.
2
Suppose -77270 - 61847 = -540*r + 22883. Suppose -29 = -2*s + 19. Calculate the greatest common factor of s and r.
12
Suppose 0 = -127*t + 129*t - 3*g - 9574, -4*g + 14378 = 3*t. What is the greatest common divisor of t and 110?
10
Suppose -120 = 13*x - 276. Let t(d) = 58*d**2 + 3*d + 3. Let l be t(-3). What is the greatest common factor of l and x?
12
Let d(x) = -308*x - 7. Let q be d(-4). Suppose -2*a - 3*a + q = 0. What is the highest common factor of a and 35?
35
Suppose -t